[INFO] cloning repository https://github.com/TertiusRoach/rust-language
[INFO] running `Command { std: "git" "-c" "credential.helper=" "-c" "credential.helper=/workspace/cargo-home/bin/git-credential-null" "clone" "--bare" "https://github.com/TertiusRoach/rust-language" "/workspace/cache/git-repos/https%3A%2F%2Fgithub.com%2FTertiusRoach%2Frust-language", kill_on_drop: false }`
[INFO] [stderr] Cloning into bare repository '/workspace/cache/git-repos/https%3A%2F%2Fgithub.com%2FTertiusRoach%2Frust-language'...
[INFO] running `Command { std: "git" "rev-parse" "HEAD", kill_on_drop: false }`
[INFO] [stdout] 88951d1607e832b890dd85d0e525daab480090d8
[INFO] checking TertiusRoach/rust-language against master#9610dfe5a9a731ced1ea4923ecbd0c57fe367898 for beta-170-4
[INFO] running `Command { std: "git" "clone" "/workspace/cache/git-repos/https%3A%2F%2Fgithub.com%2FTertiusRoach%2Frust-language" "/workspace/builds/worker-0-tc1/source", kill_on_drop: false }`
[INFO] [stderr] Cloning into '/workspace/builds/worker-0-tc1/source'...
[INFO] [stderr] done.
[INFO] validating manifest of git repo https://github.com/TertiusRoach/rust-language on toolchain 9610dfe5a9a731ced1ea4923ecbd0c57fe367898
[INFO] running `Command { std: CARGO_HOME="/workspace/cargo-home" RUSTUP_HOME="/workspace/rustup-home" "/workspace/cargo-home/bin/cargo" "+9610dfe5a9a731ced1ea4923ecbd0c57fe367898" "metadata" "--manifest-path" "Cargo.toml" "--no-deps", kill_on_drop: false }`
[INFO] started tweaking git repo https://github.com/TertiusRoach/rust-language
[INFO] finished tweaking git repo https://github.com/TertiusRoach/rust-language
[INFO] tweaked toml for git repo https://github.com/TertiusRoach/rust-language written to /workspace/builds/worker-0-tc1/source/Cargo.toml
[INFO] crate git repo https://github.com/TertiusRoach/rust-language already has a lockfile, it will not be regenerated
[INFO] running `Command { std: CARGO_HOME="/workspace/cargo-home" RUSTUP_HOME="/workspace/rustup-home" "/workspace/cargo-home/bin/cargo" "+9610dfe5a9a731ced1ea4923ecbd0c57fe367898" "fetch" "--manifest-path" "Cargo.toml", kill_on_drop: false }`
[INFO] running `Command { std: "docker" "create" "-v" "/var/lib/crater-agent-workspace/builds/worker-0-tc1/target:/opt/rustwide/target:rw,Z" "-v" "/var/lib/crater-agent-workspace/builds/worker-0-tc1/source:/opt/rustwide/workdir:ro,Z" "-v" "/var/lib/crater-agent-workspace/cargo-home:/opt/rustwide/cargo-home:ro,Z" "-v" "/var/lib/crater-agent-workspace/rustup-home:/opt/rustwide/rustup-home:ro,Z" "-e" "SOURCE_DIR=/opt/rustwide/workdir" "-e" "CARGO_TARGET_DIR=/opt/rustwide/target" "-e" "CARGO_HOME=/opt/rustwide/cargo-home" "-e" "RUSTUP_HOME=/opt/rustwide/rustup-home" "-w" "/opt/rustwide/workdir" "-m" "1610612736" "--user" "0:0" "--network" "none" "ghcr.io/rust-lang/crates-build-env/linux@sha256:19e73879b68f455e41552ea35293514db52ea292d993f571636dbffedb77a1ee" "/opt/rustwide/cargo-home/bin/cargo" "+9610dfe5a9a731ced1ea4923ecbd0c57fe367898" "metadata" "--no-deps" "--format-version=1", kill_on_drop: false }`
[INFO] [stdout] 1b606790f9dd64a3567aadeef778c1f53b2e76129179cf0035af14789141355e
[INFO] running `Command { std: "docker" "start" "-a" "1b606790f9dd64a3567aadeef778c1f53b2e76129179cf0035af14789141355e", kill_on_drop: false }`
[INFO] running `Command { std: "docker" "inspect" "1b606790f9dd64a3567aadeef778c1f53b2e76129179cf0035af14789141355e", kill_on_drop: false }`
[INFO] running `Command { std: "docker" "rm" "-f" "1b606790f9dd64a3567aadeef778c1f53b2e76129179cf0035af14789141355e", kill_on_drop: false }`
[INFO] [stdout] 1b606790f9dd64a3567aadeef778c1f53b2e76129179cf0035af14789141355e
[INFO] running `Command { std: "docker" "create" "-v" "/var/lib/crater-agent-workspace/builds/worker-0-tc1/target:/opt/rustwide/target:rw,Z" "-v" "/var/lib/crater-agent-workspace/builds/worker-0-tc1/source:/opt/rustwide/workdir:ro,Z" "-v" "/var/lib/crater-agent-workspace/cargo-home:/opt/rustwide/cargo-home:ro,Z" "-v" "/var/lib/crater-agent-workspace/rustup-home:/opt/rustwide/rustup-home:ro,Z" "-e" "SOURCE_DIR=/opt/rustwide/workdir" "-e" "CARGO_TARGET_DIR=/opt/rustwide/target" "-e" "CARGO_INCREMENTAL=0" "-e" "RUST_BACKTRACE=full" "-e" "RUSTFLAGS=--cap-lints=forbid" "-e" "RUSTDOCFLAGS=--cap-lints=forbid" "-e" "CARGO_HOME=/opt/rustwide/cargo-home" "-e" "RUSTUP_HOME=/opt/rustwide/rustup-home" "-w" "/opt/rustwide/workdir" "-m" "1610612736" "--user" "0:0" "--network" "none" "ghcr.io/rust-lang/crates-build-env/linux@sha256:19e73879b68f455e41552ea35293514db52ea292d993f571636dbffedb77a1ee" "/opt/rustwide/cargo-home/bin/cargo" "+9610dfe5a9a731ced1ea4923ecbd0c57fe367898" "check" "--frozen" "--all" "--all-targets" "--message-format=json", kill_on_drop: false }`
[INFO] [stdout] 9c0414277cce0b0f4465a4c2a8996535ea557237c7a8f6a4e06cf71f0110994b
[INFO] running `Command { std: "docker" "start" "-a" "9c0414277cce0b0f4465a4c2a8996535ea557237c7a8f6a4e06cf71f0110994b", kill_on_drop: false }`
[INFO] [stderr]     Checking rust-language v0.1.0 (/opt/rustwide/workdir)
[INFO] [stdout] error[E0432]: unresolved import `thiserror`
[INFO] [stdout]   --> src/bin/a27.rs:12:5
[INFO] [stdout]    |
[INFO] [stdout] 12 | use thiserror::Error;
[INFO] [stdout]    |     ^^^^^^^^^ use of undeclared crate or module `thiserror`
[INFO] [stdout] 
[INFO] [stdout] 
[INFO] [stdout] error: cannot determine resolution for the derive macro `Error`
[INFO] [stdout]   --> src/bin/a27.rs:16:17
[INFO] [stdout]    |
[INFO] [stdout] 16 | #[derive(Debug, Error)]
[INFO] [stdout]    |                 ^^^^^
[INFO] [stdout]    |
[INFO] [stdout]    = note: import resolution is stuck, try simplifying macro imports
[INFO] [stdout] 
[INFO] [stdout] 
[INFO] [stdout] warning: enum `Color` is never used
[INFO] [stdout]   --> src/bin/a28.rs:13:6
[INFO] [stdout]    |
[INFO] [stdout] 13 | enum Color {
[INFO] [stdout]    |      ^^^^^
[INFO] [stdout]    |
[INFO] [stdout]    = note: `#[warn(dead_code)]` on by default
[INFO] [stdout] 
[INFO] [stdout] 
[INFO] [stdout] error: cannot find attribute `error` in this scope
[INFO] [stdout]   --> src/bin/a27.rs:18:7
[INFO] [stdout]    |
[INFO] [stdout] 18 |     #[error("menu item not found")]
[INFO] [stdout]    |       ^^^^^
[INFO] [stdout] 
[INFO] [stdout] 
[INFO] [stdout] error: cannot determine resolution for the derive macro `Error`
[INFO] [stdout]   --> src/bin/a27.rs:22:17
[INFO] [stdout]    |
[INFO] [stdout] 22 | #[derive(Debug, Error)]
[INFO] [stdout]    |                 ^^^^^
[INFO] [stdout]    |
[INFO] [stdout]    = note: import resolution is stuck, try simplifying macro imports
[INFO] [stdout] 
[INFO] [stdout] 
[INFO] [stdout] error: cannot find attribute `error` in this scope
[INFO] [stdout]   --> src/bin/a27.rs:24:7
[INFO] [stdout]    |
[INFO] [stdout] 24 |     #[error("divide by zero error")]
[INFO] [stdout]    |       ^^^^^
[INFO] [stdout] 
[INFO] [stdout] 
[INFO] [stdout] error[E0432]: unresolved import `structopt`
[INFO] [stdout]   --> src/bin/p2-example.rs:32:5
[INFO] [stdout]    |
[INFO] [stdout] 32 | use structopt::StructOpt;
[INFO] [stdout]    |     ^^^^^^^^^ use of undeclared crate or module `structopt`
[INFO] [stdout] 
[INFO] [stdout] 
[INFO] [stdout] error[E0432]: unresolved import `thiserror`
[INFO] [stdout]   --> src/bin/p2-example.rs:33:5
[INFO] [stdout]    |
[INFO] [stdout] 33 | use thiserror::Error;
[INFO] [stdout]    |     ^^^^^^^^^ use of undeclared crate or module `thiserror`
[INFO] [stdout] 
[INFO] [stdout] 
[INFO] [stdout] error: cannot determine resolution for the derive macro `Error`
[INFO] [stdout]    --> src/bin/p2-example.rs:123:10
[INFO] [stdout]     |
[INFO] [stdout] 123 | #[derive(Error, Debug)]
[INFO] [stdout]     |          ^^^^^
[INFO] [stdout]     |
[INFO] [stdout]     = note: import resolution is stuck, try simplifying macro imports
[INFO] [stdout] 
[INFO] [stdout] 
[INFO] [stdout] warning: 1 warning emitted
[INFO] [stdout] 
[INFO] [stdout] 
[INFO] [stdout] error: cannot find attribute `error` in this scope
[INFO] [stdout]    --> src/bin/p2-example.rs:125:7
[INFO] [stdout]     |
[INFO] [stdout] 125 |     #[error("id must be a number: {0}")]
[INFO] [stdout]     |       ^^^^^
[INFO] [stdout] 
[INFO] [stdout] 
[INFO] [stdout] error: cannot find attribute `from` in this scope
[INFO] [stdout]    --> src/bin/p2-example.rs:126:17
[INFO] [stdout]     |
[INFO] [stdout] 126 |     InvalidId(#[from] std::num::ParseIntError),
[INFO] [stdout]     |                 ^^^^
[INFO] [stdout] 
[INFO] [stdout] 
[INFO] [stdout] error: cannot find attribute `error` in this scope
[INFO] [stdout]    --> src/bin/p2-example.rs:127:7
[INFO] [stdout]     |
[INFO] [stdout] 127 |     #[error("empty record")]
[INFO] [stdout]     |       ^^^^^
[INFO] [stdout] 
[INFO] [stdout] 
[INFO] [stdout] error[E0277]: `?` couldn't convert the error to `ProgramError`
[INFO] [stdout]   --> src/bin/a27.rs:47:23
[INFO] [stdout]    |
[INFO] [stdout] 45 | fn run(step: i32) -> Result<(), ProgramError> {
[INFO] [stdout]    |                      ------------------------ expected `ProgramError` because of this
[INFO] [stdout] 46 |     if step == 1 {
[INFO] [stdout] 47 |         pick_menu("4")?;
[INFO] [stdout]    |                       ^ the trait `From<MenuError>` is not implemented for `ProgramError`
[INFO] [stdout]    |
[INFO] [stdout]    = note: the question mark operation (`?`) implicitly performs a conversion on the error value using the `From` trait
[INFO] [stdout]    = help: the following other types implement trait `FromResidual<R>`:
[INFO] [stdout]              <Result<T, F> as FromResidual<Result<Infallible, E>>>
[INFO] [stdout]              <Result<T, F> as FromResidual<Yeet<E>>>
[INFO] [stdout]    = note: required for `Result<(), ProgramError>` to implement `FromResidual<Result<Infallible, MenuError>>`
[INFO] [stdout] 
[INFO] [stdout] 
[INFO] [stdout] error[E0277]: `?` couldn't convert the error to `ProgramError`
[INFO] [stdout]   --> src/bin/a27.rs:49:21
[INFO] [stdout]    |
[INFO] [stdout] 45 | fn run(step: i32) -> Result<(), ProgramError> {
[INFO] [stdout]    |                      ------------------------ expected `ProgramError` because of this
[INFO] [stdout] ...
[INFO] [stdout] 49 |         divide(1, 0)?;
[INFO] [stdout]    |                     ^ the trait `From<MathError>` is not implemented for `ProgramError`
[INFO] [stdout]    |
[INFO] [stdout]    = note: the question mark operation (`?`) implicitly performs a conversion on the error value using the `From` trait
[INFO] [stdout]    = help: the following other types implement trait `FromResidual<R>`:
[INFO] [stdout]              <Result<T, F> as FromResidual<Result<Infallible, E>>>
[INFO] [stdout]              <Result<T, F> as FromResidual<Yeet<E>>>
[INFO] [stdout]    = note: required for `Result<(), ProgramError>` to implement `FromResidual<Result<Infallible, MathError>>`
[INFO] [stdout] 
[INFO] [stdout] 
[INFO] [stdout] error[E0277]: `ProgramError` doesn't implement `Debug`
[INFO] [stdout]   --> src/bin/a27.rs:55:22
[INFO] [stdout]    |
[INFO] [stdout] 55 |     println!("{:?}", run(1));
[INFO] [stdout]    |                      ^^^^^^ `ProgramError` cannot be formatted using `{:?}`
[INFO] [stdout]    |
[INFO] [stdout]    = help: the trait `Debug` is not implemented for `ProgramError`
[INFO] [stdout]    = note: add `#[derive(Debug)]` to `ProgramError` or manually `impl Debug for ProgramError`
[INFO] [stdout]    = help: the trait `Debug` is implemented for `Result<T, E>`
[INFO] [stdout]    = note: this error originates in the macro `$crate::format_args_nl` which comes from the expansion of the macro `println` (in Nightly builds, run with -Z macro-backtrace for more info)
[INFO] [stdout] help: consider annotating `ProgramError` with `#[derive(Debug)]`
[INFO] [stdout]    |
[INFO] [stdout] 14 + #[derive(Debug)]
[INFO] [stdout] 15 | enum ProgramError {}
[INFO] [stdout]    |
[INFO] [stdout] 
[INFO] [stdout] 
[INFO] [stdout] error: cannot find attribute `error` in this scope
[INFO] [stdout]    --> src/bin/p2-example.rs:129:7
[INFO] [stdout]     |
[INFO] [stdout] 129 |     #[error("missing field: {0}")]
[INFO] [stdout]     |       ^^^^^
[INFO] [stdout] 
[INFO] [stdout] 
[INFO] [stdout] error: cannot determine resolution for the derive macro `StructOpt`
[INFO] [stdout]    --> src/bin/p2-example.rs:258:10
[INFO] [stdout]     |
[INFO] [stdout] 258 | #[derive(StructOpt, Debug)]
[INFO] [stdout]     |          ^^^^^^^^^
[INFO] [stdout]     |
[INFO] [stdout]     = note: import resolution is stuck, try simplifying macro imports
[INFO] [stdout] 
[INFO] [stdout] 
[INFO] [stdout] error[E0277]: `ProgramError` doesn't implement `Debug`
[INFO] [stdout]   --> src/bin/a27.rs:56:22
[INFO] [stdout]    |
[INFO] [stdout] 56 |     println!("{:?}", run(2));
[INFO] [stdout]    |                      ^^^^^^ `ProgramError` cannot be formatted using `{:?}`
[INFO] [stdout]    |
[INFO] [stdout]    = help: the trait `Debug` is not implemented for `ProgramError`
[INFO] [stdout]    = note: add `#[derive(Debug)]` to `ProgramError` or manually `impl Debug for ProgramError`
[INFO] [stdout]    = help: the trait `Debug` is implemented for `Result<T, E>`
[INFO] [stdout]    = note: this error originates in the macro `$crate::format_args_nl` which comes from the expansion of the macro `println` (in Nightly builds, run with -Z macro-backtrace for more info)
[INFO] [stdout] help: consider annotating `ProgramError` with `#[derive(Debug)]`
[INFO] [stdout]    |
[INFO] [stdout] 14 + #[derive(Debug)]
[INFO] [stdout] 15 | enum ProgramError {}
[INFO] [stdout]    |
[INFO] [stdout] 
[INFO] [stdout] 
[INFO] [stdout] error: cannot find attribute `structopt` in this scope
[INFO] [stdout]    --> src/bin/p2-example.rs:259:3
[INFO] [stdout]     |
[INFO] [stdout] 259 | #[structopt(about = "project 2: contact manager")]
[INFO] [stdout]     |   ^^^^^^^^^
[INFO] [stdout] 
[INFO] [stdout] 
[INFO] [stdout] error: cannot find attribute `structopt` in this scope
[INFO] [stdout]    --> src/bin/p2-example.rs:261:7
[INFO] [stdout]     |
[INFO] [stdout] 261 |     #[structopt(short, parse(from_os_str), default_value = "p2_data.csv")]
[INFO] [stdout]     |       ^^^^^^^^^
[INFO] [stdout] 
[INFO] [stdout] 
[INFO] [stdout] error: cannot find attribute `structopt` in this scope
[INFO] [stdout]    --> src/bin/p2-example.rs:263:7
[INFO] [stdout]     |
[INFO] [stdout] 263 |     #[structopt(subcommand)]
[INFO] [stdout]     |       ^^^^^^^^^
[INFO] [stdout] 
[INFO] [stdout] 
[INFO] [stdout] error: aborting due to 9 previous errors
[INFO] [stdout] 
[INFO] [stdout] 
[INFO] [stdout] error: cannot find attribute `structopt` in this scope
[INFO] [stdout]    --> src/bin/p2-example.rs:265:7
[INFO] [stdout]     |
[INFO] [stdout] 265 |     #[structopt(short, help = "verbose")]
[INFO] [stdout]     |       ^^^^^^^^^
[INFO] [stdout] 
[INFO] [stdout] 
[INFO] [stdout] error: cannot determine resolution for the derive macro `StructOpt`
[INFO] [stdout]    --> src/bin/p2-example.rs:269:10
[INFO] [stdout]     |
[INFO] [stdout] 269 | #[derive(StructOpt, Debug)]
[INFO] [stdout]     |          ^^^^^^^^^
[INFO] [stdout]     |
[INFO] [stdout]     = note: import resolution is stuck, try simplifying macro imports
[INFO] [stdout] 
[INFO] [stdout] 
[INFO] [stdout] error: cannot find attribute `structopt` in this scope
[INFO] [stdout]    --> src/bin/p2-example.rs:273:11
[INFO] [stdout]     |
[INFO] [stdout] 273 |         #[structopt(short)]
[INFO] [stdout]     |           ^^^^^^^^^
[INFO] [stdout] 
[INFO] [stdout] 
[INFO] [stdout] error: cannot find attribute `structopt` in this scope
[INFO] [stdout]    --> src/bin/p2-example.rs:279:11
[INFO] [stdout]     |
[INFO] [stdout] 279 |         #[structopt(short)]
[INFO] [stdout]     |           ^^^^^^^^^
[INFO] [stdout] 
[INFO] [stdout] 
[INFO] [stdout] Some errors have detailed explanations: E0277, E0432.
[INFO] [stdout] 
[INFO] [stdout] For more information about an error, try `rustc --explain E0277`.
[INFO] [stdout] 
[INFO] [stderr] error: could not compile `rust-language` (bin "a27") due to 10 previous errors
[INFO] [stderr] warning: build failed, waiting for other jobs to finish...
[INFO] [stdout] warning: unused variable: `data`
[INFO] [stdout]   --> src/bin/a24.rs:12:9
[INFO] [stdout]    |
[INFO] [stdout] 12 |     let data = vec![1, 2, 3, 4, 5];
[INFO] [stdout]    |         ^^^^ help: if this is intentional, prefix it with an underscore: `_data`
[INFO] [stdout]    |
[INFO] [stdout]    = note: `#[warn(unused_variables)]` on by default
[INFO] [stdout] 
[INFO] [stdout] 
[INFO] [stdout] warning: 1 warning emitted
[INFO] [stdout] 
[INFO] [stdout] 
[INFO] [stdout] error[E0277]: `?` couldn't convert the error to `ParseError`
[INFO] [stdout]    --> src/bin/p2-example.rs:149:48
[INFO] [stdout]     |
[INFO] [stdout] 134 | fn parse_record(record: &str) -> Result<Record, ParseError> {
[INFO] [stdout]     |                                  -------------------------- expected `ParseError` because of this
[INFO] [stdout] ...
[INFO] [stdout] 149 |         Some(id) => i64::from_str_radix(id, 10)?,
[INFO] [stdout]     |                                                ^ the trait `From<ParseIntError>` is not implemented for `ParseError`
[INFO] [stdout]     |
[INFO] [stdout]     = note: the question mark operation (`?`) implicitly performs a conversion on the error value using the `From` trait
[INFO] [stdout]     = help: the following other types implement trait `FromResidual<R>`:
[INFO] [stdout]               <Result<T, F> as FromResidual<Result<Infallible, E>>>
[INFO] [stdout]               <Result<T, F> as FromResidual<Yeet<E>>>
[INFO] [stdout]     = note: required for `Result<Record, ParseError>` to implement `FromResidual<Result<Infallible, ParseIntError>>`
[INFO] [stdout] 
[INFO] [stdout] 
[INFO] [stdout] warning: fields `user_id` and `name` are never read
[INFO] [stdout]   --> src/bin/a21.rs:13:5
[INFO] [stdout]    |
[INFO] [stdout] 12 | struct User {
[INFO] [stdout]    |        ---- fields in this struct
[INFO] [stdout] 13 |     user_id: i32,
[INFO] [stdout]    |     ^^^^^^^
[INFO] [stdout] 14 |     name: String,
[INFO] [stdout]    |     ^^^^
[INFO] [stdout]    |
[INFO] [stdout]    = note: `User` has a derived impl for the trait `Debug`, but this is intentionally ignored during dead code analysis
[INFO] [stdout]    = note: `#[warn(dead_code)]` on by default
[INFO] [stdout] 
[INFO] [stdout] 
[INFO] [stdout] warning: function `find_user` is never used
[INFO] [stdout]   --> src/bin/a21.rs:18:4
[INFO] [stdout]    |
[INFO] [stdout] 18 | fn find_user(name: &str) -> Option<i32> {
[INFO] [stdout]    |    ^^^^^^^^^
[INFO] [stdout] 
[INFO] [stdout] 
[INFO] [stdout] error[E0277]: `ParseError` doesn't implement `std::fmt::Display`
[INFO] [stdout]    --> src/bin/p2-example.rs:196:29
[INFO] [stdout]     |
[INFO] [stdout] 196 | ...                   e,
[INFO] [stdout]     |                       ^ `ParseError` cannot be formatted with the default formatter
[INFO] [stdout]     |
[INFO] [stdout]     = help: the trait `std::fmt::Display` is not implemented for `ParseError`
[INFO] [stdout]     = note: in format strings you may be able to use `{:?}` (or {:#?} for pretty-print) instead
[INFO] [stdout]     = note: this error originates in the macro `$crate::format_args_nl` which comes from the expansion of the macro `println` (in Nightly builds, run with -Z macro-backtrace for more info)
[INFO] [stdout] 
[INFO] [stdout] 
[INFO] [stdout] warning: 2 warnings emitted
[INFO] [stdout] 
[INFO] [stdout] 
[INFO] [stdout] error[E0599]: no function or associated item named `from_args` found for struct `Opt` in the current scope
[INFO] [stdout]    --> src/bin/p2-example.rs:340:20
[INFO] [stdout]     |
[INFO] [stdout] 260 | struct Opt {
[INFO] [stdout]     | ---------- function or associated item `from_args` not found for this struct
[INFO] [stdout] ...
[INFO] [stdout] 340 |     let opt = Opt::from_args();
[INFO] [stdout]     |                    ^^^^^^^^^ function or associated item not found in `Opt`
[INFO] [stdout] 
[INFO] [stdout] 
[INFO] [stdout] error: aborting due to 18 previous errors
[INFO] [stdout] 
[INFO] [stdout] 
[INFO] [stdout] Some errors have detailed explanations: E0277, E0432, E0599.
[INFO] [stdout] 
[INFO] [stdout] For more information about an error, try `rustc --explain E0277`.
[INFO] [stdout] 
[INFO] [stderr] error: could not compile `rust-language` (bin "p2-example") due to 19 previous errors
[INFO] running `Command { std: "docker" "inspect" "9c0414277cce0b0f4465a4c2a8996535ea557237c7a8f6a4e06cf71f0110994b", kill_on_drop: false }`
[INFO] running `Command { std: "docker" "rm" "-f" "9c0414277cce0b0f4465a4c2a8996535ea557237c7a8f6a4e06cf71f0110994b", kill_on_drop: false }`
[INFO] [stdout] 9c0414277cce0b0f4465a4c2a8996535ea557237c7a8f6a4e06cf71f0110994b
